{"id":14,"date":"2017-04-29T15:30:23","date_gmt":"2017-04-29T13:30:23","guid":{"rendered":"http:\/\/huehnerfarm-hn.de\/?page_id=14"},"modified":"2025-10-07T17:41:46","modified_gmt":"2025-10-07T15:41:46","slug":"menue","status":"publish","type":"page","link":"https:\/\/huehnerfarm-hn.de\/?page_id=14","title":{"rendered":"Men\u00fc"},"content":{"rendered":"<div id=\"pl-14\"  class=\"panel-layout\" ><div id=\"pg-14-0\"  class=\"panel-grid panel-no-style\" ><div id=\"pgc-14-0-0\"  class=\"panel-grid-cell\" ><div id=\"panel-14-0-0-0\" class=\"so-panel widget widget_sow-editor panel-first-child\" data-index=\"0\" ><div\n\t\t\t\n\t\t\tclass=\"so-widget-sow-editor so-widget-sow-editor-base\"\n\t\t\t\n\t\t>\n<div class=\"siteorigin-widget-tinymce textwidget\">\n\t<h3 style=\"text-align: left;\"><span style=\"color: #c4071b;\">Warme Vorspeisen<\/span><\/h3>\n<p>&nbsp;<\/p>\n<p><strong>Fleischk\u00e4se <\/strong><span style=\"color: #999999;\">mit Brot, Tomatenscheiben und Gew\u00fcrzgurken <sup>3<\/sup><\/span> - <strong>9,90 \u20ac<\/strong><\/p>\n<p><strong>Fleischk\u00e4se<\/strong> <span style=\"color: #999999;\">mit Pommes oder Bratkartoffeln, Spiegelei &amp; Salat<\/span> - <strong>14,90 \u20ac<\/strong><\/p>\n<p><strong>Fleischk\u00e4se<\/strong> <span style=\"color: #999999;\">mit Spiegelei &amp; Salat<sup>3<\/sup><\/span> - <strong>13,90 \u20ac<\/strong><\/p>\n<p><strong>Curry Wurst<\/strong> <span style=\"color: #999999;\">mit Pommes &amp; Salat<\/span> - <strong>14,90 \u20ac<\/strong><\/p>\n<p><strong>Wurstsalat<\/strong> <span style=\"color: #999999;\">mit Brot<\/span> - <strong>10,90\u20ac<\/strong><\/p>\n<p><strong>Wurstsalat<\/strong> <span style=\"color: #999999;\">mit Bratkartoffeln<\/span> - <strong>13,90\u20ac<\/strong><\/p>\n<p><span style=\"color: #999999;\">----------<\/span><\/p>\n<\/div>\n<\/div><\/div><div id=\"panel-14-0-0-1\" class=\"so-panel widget widget_sow-editor\" data-index=\"1\" ><div\n\t\t\t\n\t\t\tclass=\"so-widget-sow-editor so-widget-sow-editor-base\"\n\t\t\t\n\t\t>\n<div class=\"siteorigin-widget-tinymce textwidget\">\n\t<h3 style=\"text-align: left;\"><span style=\"color: #c4071b;\">Salate<\/span><\/h3>\n<p>&nbsp;<\/p>\n<p><strong>Kleiner gemischter Salat - 5,90 \u20ac<\/strong><\/p>\n<p><strong>Gro\u00dfer gemischter Salat - 9,90 \u20ac<\/strong><\/p>\n<p><strong>Thunfisch Salat <sup>2,4,6,8<\/sup>- 13,90 \u20ac<br \/>\n<\/strong><span style=\"color: #999999;\">gr\u00fcner Blattsalat mit Thunfisch mit Paprika, Oliven und Zwiebeln<\/span><\/p>\n<p><strong>Griechischer Bauernsalat<\/strong><sup>2,4,6,8 <\/sup>- <strong>14,90 \u20ac<br \/>\n<\/strong><span style=\"color: #999999;\">gr\u00fcner Blattsalat mit Schafsk\u00e4se, Tomate, Paprika und Oliven<\/span><\/p>\n<p><strong>Maultaschensalat\u00a0<\/strong>(Schwabensalat) <sup>2,4,6,8<\/sup> - <strong>14,90 \u20ac<br \/>\n<\/strong><span style=\"color: #999999;\">gr\u00fcner Blattsalat mit frittierten Maultaschen und gegrilltem Gem\u00fcse<\/span><\/p>\n<p><strong>Putensalat <\/strong>\u00a0<sup>2,3,4<\/sup>\u00a0- <strong>14,90 \u20ac<br \/>\n<\/strong><span style=\"color: #999999;\">mit gegrilltem Gem\u00fcse und Putenstreifen<\/span><\/p>\n<p>&nbsp;<\/p>\n<p style=\"text-align: left;\"><span style=\"color: #999999;\">----------<\/span><\/p>\n<\/div>\n<\/div><\/div><div id=\"panel-14-0-0-2\" class=\"so-panel widget widget_sow-editor\" data-index=\"2\" ><div\n\t\t\t\n\t\t\tclass=\"so-widget-sow-editor so-widget-sow-editor-base\"\n\t\t\t\n\t\t>\n<div class=\"siteorigin-widget-tinymce textwidget\">\n\t<h3 style=\"text-align: left;\"><span style=\"color: #c4071b;\">Hauptgerichte<\/span><\/h3>\n<p style=\"text-align: left;\"><em><strong>Schwein<\/strong><\/em><\/p>\n<p><span style=\"color: #999999;\">So\u00dfen: \u00a0\u00a0\u2022\u00a0Pilzrahmso\u00dfe \u00a0\u00a0\u2022\u00a0Bratenso\u00dfe<\/span><\/p>\n<p><strong>Schnitzel (paniert)<\/strong> <span style=\"color: #999999;\">mit Brot und Bratenso\u00dfe<\/span> <strong>- 9,90\u20ac<\/strong><\/p>\n<p><strong>Schnitzel (paniert)<\/strong> <span style=\"color: #999999;\">&amp;\u00a0 Salat<\/span>\u00a0<strong>- 13,90\u20ac<\/strong><\/p>\n<p><strong>Schnitzel (paniert)<\/strong> <span style=\"color: #999999;\">mit Pommes oder Sp\u00e4tzle &amp; Salat<\/span>\u00a0<strong>- 15,90\u20ac<\/strong><\/p>\n<p><strong>XL Schnitzel (paniert)<\/strong> <span style=\"color: #999999;\">mit Pommes oder Sp\u00e4tzle &amp; Salat<\/span>\u00a0<strong>- 18,90\u20ac<\/strong><\/p>\n<p>&nbsp;<\/p>\n<p><strong>Schnitzel (paniert)<\/strong> <span style=\"color: #999999;\">mit Bratkartoffeln &amp; Salat<\/span>\u00a0<strong>- 17,90\u20ac<\/strong><\/p>\n<p><b>Schnitzel Ungarisch (paniert)<\/b><b> <\/b><span style=\"color: #999999;\">mit Pommes oder Sp\u00e4tzle, scharfe Zigeunerso\u00dfe &amp; Salat<\/span>\u00a0<strong>- 17,90 \u20ac<\/strong><\/p>\n<p><b>Pfannenschnitzel<\/b><b> <\/b><span style=\"color: #999999;\">mit Pommes oder Sp\u00e4tzle &amp; Salat<\/span>\u00a0<strong>- 15,90 \u20ac<\/strong><\/p>\n<p><b>XL Pfannenschnitzel<\/b><b> <\/b><span style=\"color: #999999;\">mit Pommes oder Sp\u00e4tzle &amp; Salat<\/span>\u00a0<strong>- 18,90 \u20ac<\/strong><\/p>\n<p><b>J\u00e4gerschnitzel (paniert) <\/b><span style=\"color: #999999;\">mit Pommes oder Sp\u00e4tzle, Pilzrahmso\u00dfe &amp; Salat<\/span>\u00a0<strong>- 17,90 \u20ac<\/strong><\/p>\n<p><strong>Nackensteak<\/strong> <span style=\"color: #999999;\">mit Pommes, Kr\u00e4uterbutter, Ajvar &amp; Salat<\/span> <strong>- 16,90\u20ac<\/strong><\/p>\n<p><strong>Zwiebelsteak<\/strong> <span style=\"color: #999999;\">mit Pommes oder Bratkartoffeln, Ajvar &amp; Salat<\/span> <strong>- 18,90\u20ac<\/strong><\/p>\n<p><b>Bauernschnitzel (paniert)<\/b>\u00a0- <strong>17,90\u20ac<\/strong><sup><br \/>\n<\/sup><span style=\"color: #999999;\">mit Bratkartoffeln, Spiegelei &amp; Salat<\/span><\/p>\n<p>&nbsp;<\/p>\n<p><b>Cordon bleu<\/b><strong> ohne Schinken<\/strong> <span style=\"color: #999999;\">mit Pommes oder Sp\u00e4tzle &amp; Salat<\/span> <strong>- 19,90 \u20ac<\/strong><\/p>\n<p><b>Cordon bleu<\/b><strong> mit Schinken<\/strong> <span style=\"color: #999999;\">mit Pommes oder Sp\u00e4tzle &amp; Salat<\/span> <strong>- 20,90 \u20ac<\/strong><\/p>\n<p><b>Cordon bleu<\/b><strong> mit Schinken<\/strong> <span style=\"color: #999999;\">mit Bratkartoffeln &amp; Salat<\/span> <strong>- 21,90 \u20ac<\/strong><\/p>\n<p>&nbsp;<\/p>\n<p><b>Schweinelende<\/b> <span style=\"color: #999999;\">mit Pommes oder Sp\u00e4tzle, Pilzrahmso\u00dfe &amp; Salat<\/span> <strong>- 18,90 \u20ac<\/strong><\/p>\n<p style=\"text-align: left;\"><span style=\"color: #999999;\">----------<\/span><\/p>\n<p style=\"text-align: left;\"><em><strong>Rind<\/strong><\/em><\/p>\n<p><b>Cevapcici <\/b><span style=\"color: #999999;\">mit Tzatziki, Ajvar, Pommes oder Reis, gegrilltem Gem\u00fcse &amp; Salat <\/span><strong>- 17,90 \u20ac<\/strong><\/p>\n<p><b>K\u00f6fte (gegrillte Frikadellen)<\/b><span style=\"color: #808080;\"><strong>\u00a0<\/strong><\/span><b><strong>- 18,90 \u20ac<\/strong><\/b><b><br \/>\n<\/b><span style=\"color: #999999;\">\u00a0mit Tzatziki, Ajvar, Pommes oder Reis, gegrilltes Gem\u00fcse &amp; Salat<\/span><\/p>\n<p><b>Hausteller 1 <\/b><b><strong>- 19,90 \u20ac<\/strong><\/b><b><br \/>\n<\/b><span style=\"color: #999999;\">\u00a0K\u00f6fte, H\u00e4hnchenbrustfilet, Tzatziki, Ajvar, Pommes oder Reis, gegrilltes Gem\u00fcse &amp; Salat<\/span><\/p>\n<p><b>Hausteller 2 <\/b><b><strong>- 21,90 \u20ac<\/strong><\/b><b><br \/>\n<\/b><span style=\"color: #999999;\">\u00a0K\u00f6fte, Cevapcici, H\u00e4hnchenbrustfilet, Tzatziki, Ajvar, Pommes oder Reis, gegrilltes Gem\u00fcse &amp; Salat<\/span><\/p>\n<p><span style=\"color: #999999;\">----------<\/span><\/p>\n<p style=\"text-align: left;\"><em><strong>Gefl\u00fcgel<\/strong><\/em><\/p>\n<p><b>Putenschnitzel\u00a0<\/b><strong>(paniert)<\/strong> <span style=\"color: #999999;\">mit Pommes oder Sp\u00e4tzle &amp; Salat<\/span>\u00a0<strong>- 16,90 \u20ac<\/strong><\/p>\n<p><b>XL Putenschnitzel\u00a0<\/b><strong>(paniert)<\/strong> <span style=\"color: #999999;\">mit Pommes oder Sp\u00e4tzle &amp; Salat<\/span>\u00a0<strong>- 19,90 \u20ac<\/strong><\/p>\n<p>&nbsp;<\/p>\n<p><b>Putenschnitzel\u00a0<\/b><strong>(natur)<\/strong> <span style=\"color: #999999;\">mit Pommes oder Sp\u00e4tzle, Pilzrahmso\u00dfe &amp; Salat<\/span>\u00a0<strong>- 16,90 \u20ac<\/strong><\/p>\n<p><b>Putenschnitzel\u00a0<\/b><strong>(natur)<\/strong> <span style=\"color: #999999;\">mit Pommes oder Sp\u00e4tzle, scharfe Paprikaso\u00dfe &amp; Salat<\/span>\u00a0<strong>- 17,90 \u20ac<\/strong><\/p>\n<p><b>Putenschnitzel\u00a0<\/b><strong>(gegrillt)<\/strong> <span style=\"color: #999999;\">mit Pommes oder Reis, gegrilltes Gem\u00fcse, Kr\u00e4uterbutter, Tzatziki, Ajvar &amp; Salat<\/span>\u00a0<strong>- 19,90 \u20ac<\/strong><\/p>\n<p>&nbsp;<\/p>\n<p><b>H\u00e4hnchenbrustfilet <\/b><span style=\"color: #999999;\">m<\/span><span style=\"color: #999999;\">it Pommes oder Sp\u00e4tzle, Pilzrahmso\u00dfe &amp; Salat\u00a0<\/span><b><strong>- 16,90 \u20ac<\/strong><\/b><\/p>\n<p><b>H\u00e4hnchenbrustfilet <\/b><strong>(gegrillt)<\/strong>\u00a0<span style=\"color: #999999;\">m<\/span><span style=\"color: #999999;\">it Pommes oder Reis, gegrilltes Gem\u00fcse, Ajvar, Tzatziki &amp; Salat <\/span><b><strong>- 19,90 \u20ac<\/strong><\/b><\/p>\n<\/div>\n<\/div><\/div><div id=\"panel-14-0-0-3\" class=\"so-panel widget widget_sow-editor\" data-index=\"3\" ><div\n\t\t\t\n\t\t\tclass=\"so-widget-sow-editor so-widget-sow-editor-base\"\n\t\t\t\n\t\t>\n<div class=\"siteorigin-widget-tinymce textwidget\">\n\t<h3 style=\"text-align: left;\"><span style=\"color: #c4071b;\">Vegetarische Gerichte<\/span><\/h3>\n<p>&nbsp;<\/p>\n<p><b>Vegetarischer Teller<strong> 1 - 14,90 \u20ac<br \/>\n<\/strong><\/b><span style=\"color: #999999;\">mit Reis, gebratenes Gem\u00fcse, Tzatziki &amp; Salat<\/span><\/p>\n<p><strong>Vegetarischer Teller 2 - 14,90 \u20ac<\/strong><\/p>\n<p><span style=\"color: #999999;\">mit Pommes, gegrilltem Gem\u00fcse, Tzatziki , Ajvar &amp; Salat<\/span><\/p>\n<p><strong>K\u00e4sesp\u00e4tzle <\/strong><span style=\"color: #999999;\">&amp; Salat<\/span><strong> - 14,90 \u20ac<\/strong><\/p>\n<p><strong>Spinat K\u00e4se Kn\u00f6del - 14,90 \u20ac<br \/>\n<\/strong><span style=\"color: #999999;\">in Pilzrahmso\u00dfe &amp; Salat<\/span><\/p>\n<p><strong>Maultaschen - 14,90 \u20ac<br \/>\n<\/strong><span style=\"color: #999999;\">ger\u00f6stet mit Spiegelei &amp; Salat<\/span><\/p>\n<p><strong>Bratkartoffeln - 14,90 \u20ac<\/strong><\/p>\n<p><span style=\"color: #999999;\">mit Spiegelei &amp; Salat<\/span><\/p>\n<p>&nbsp;<\/p>\n<p style=\"text-align: left;\"><span style=\"color: #999999;\">----------<\/span><\/p>\n<h3 style=\"text-align: left;\"><span style=\"color: #c4071b;\">Beilagen<\/span><\/h3>\n<p>&nbsp;<\/p>\n<p><span style=\"color: #808080;\"><strong>Pommes - 5,90\u20ac<\/strong><\/span><\/p>\n<p><span style=\"color: #808080;\"><strong>Sp\u00e4tzle- 6,90\u20ac<\/strong><\/span><span style=\"color: #999999;\"><b><br \/>\n<\/b>mit Braten- oder Pilzrahmso\u00dfe<\/span><\/p>\n<p><span style=\"color: #999999;\">----------<\/span><\/p>\n<\/div>\n<\/div><\/div><div id=\"panel-14-0-0-4\" class=\"so-panel widget widget_sow-editor panel-last-child\" data-index=\"4\" ><div\n\t\t\t\n\t\t\tclass=\"so-widget-sow-editor so-widget-sow-editor-base\"\n\t\t\t\n\t\t>\n<div class=\"siteorigin-widget-tinymce textwidget\">\n\t<h3 style=\"text-align: left;\"><span style=\"color: #c4071b;\">Nachspeisen und hei\u00dfe Getr\u00e4nke<\/span><\/h3>\n<p style=\"text-align: left;\"><em><strong>Eis<\/strong><\/em><\/p>\n<p><b>4 Kugeln Eis<\/b><b> <\/b><span style=\"color: #999999;\">auf Wunsch mit Sahne<\/span>\u00a0<strong>- 7,90 \u20ac<\/strong><\/p>\n<p><b>Vanilleeis<\/b><b> <\/b><span style=\"color: #999999;\">mit hei\u00dfen Himbeeren<\/span>\u00a0<strong>- 9,90 \u20ac<\/strong><\/p>\n<p style=\"text-align: left;\"><span style=\"color: #999999;\">----------<\/span><\/p>\n<p style=\"text-align: left;\"><em><strong>Hei\u00dfe Getr\u00e4nke<\/strong><\/em><\/p>\n<p><b>Espresso<\/b>\u00a0<strong>- 2,50\u20ac<\/strong><\/p>\n<p><b>Kaffee<\/b><b> <\/b><strong>- 3,00 \u20ac<\/strong><\/p>\n<p><b>Tee<\/b><b> <\/b><strong>- 2,50 \u20ac<\/strong><\/p>\n<p>&nbsp;<\/p>\n<\/div>\n<\/div><\/div><\/div><\/div><div id=\"pg-14-1\"  class=\"panel-grid panel-no-style\" ><div id=\"pgc-14-1-0\"  class=\"panel-grid-cell\" ><div id=\"panel-14-1-0-0\" class=\"so-panel widget widget_sow-image panel-first-child panel-last-child\" data-index=\"5\" ><div\n\t\t\t\n\t\t\tclass=\"so-widget-sow-image so-widget-sow-image-default-8b5b6f678277-14\"\n\t\t\t\n\t\t>\n<div class=\"sow-image-container\">\n\t\t<img \n\tsrc=\"https:\/\/huehnerfarm-hn.de\/wp-content\/uploads\/2017\/04\/huehnerfarm_banner5.jpg\" width=\"473\" height=\"317\" srcset=\"https:\/\/huehnerfarm-hn.de\/wp-content\/uploads\/2017\/04\/huehnerfarm_banner5.jpg 473w, https:\/\/huehnerfarm-hn.de\/wp-content\/uploads\/2017\/04\/huehnerfarm_banner5-300x201.jpg 300w, https:\/\/huehnerfarm-hn.de\/wp-content\/uploads\/2017\/04\/huehnerfarm_banner5-306x205.jpg 306w\" sizes=\"(max-width: 473px) 100vw, 473px\" alt=\"\" \t\tclass=\"so-widget-image\"\/>\n\t<\/div>\n\n<\/div><\/div><\/div><div id=\"pgc-14-1-1\"  class=\"panel-grid-cell\" ><div id=\"panel-14-1-1-0\" class=\"so-panel widget widget_sow-editor panel-first-child panel-last-child\" data-index=\"6\" ><div\n\t\t\t\n\t\t\tclass=\"so-widget-sow-editor so-widget-sow-editor-base\"\n\t\t\t\n\t\t>\n<div class=\"siteorigin-widget-tinymce textwidget\">\n\t<h3 style=\"text-align: left;\"><span style=\"color: #c4071b;\">Jeden Freitagabend, Sonntags und an Feiertagen<\/span><\/h3>\n<p style=\"text-align: left;\"><b>Grillteller<\/b> <strong>\u00a0<\/strong><strong>- 22,90 \u20ac<br \/>\n<\/strong><span style=\"color: #999999;\">mit verschiedenen Fleischsorten, Pommes oder Reis und kleinem Salat<\/span><\/p>\n<p style=\"text-align: left;\"><span style=\"color: #999999;\">----------<\/span><\/p>\n<p style=\"text-align: center;\">\n<\/div>\n<\/div><\/div><\/div><\/div><div id=\"pg-14-2\"  class=\"panel-grid panel-no-style\" ><div id=\"pgc-14-2-0\"  class=\"panel-grid-cell\" ><div id=\"panel-14-2-0-0\" class=\"so-panel widget widget_sow-editor panel-first-child panel-last-child\" data-index=\"7\" ><div\n\t\t\t\n\t\t\tclass=\"so-widget-sow-editor so-widget-sow-editor-base\"\n\t\t\t\n\t\t>\n<div class=\"siteorigin-widget-tinymce textwidget\">\n\t<p><span style=\"color: #999999;\">1 Farbstoff \u00a02 Konservierungsstoffen \u00a03 Antioxidationsmittel \u00a04 Geschmacksverst\u00e4rker \u00a05 geschwefelt \u00a06 geschw\u00e4rzt \u00a07 gewachst \u00a08 S\u00fc\u00dfstoff \u00a09 Phosphat \u00a010 Nitritp\u00f6kelsalz<\/span><\/p>\n<\/div>\n<\/div><\/div><\/div><\/div><\/div>","protected":false},"excerpt":{"rendered":"<p>Werfen Sie einen blick in unsere Men\u00fckarte&#8230;<\/p>\n","protected":false},"author":1,"featured_media":196,"parent":0,"menu_order":0,"comment_status":"closed","ping_status":"closed","template":"","meta":{"footnotes":""},"_links":{"self":[{"href":"https:\/\/huehnerfarm-hn.de\/index.php?rest_route=\/wp\/v2\/pages\/14"}],"collection":[{"href":"https:\/\/huehnerfarm-hn.de\/index.php?rest_route=\/wp\/v2\/pages"}],"about":[{"href":"https:\/\/huehnerfarm-hn.de\/index.php?rest_route=\/wp\/v2\/types\/page"}],"author":[{"embeddable":true,"href":"https:\/\/huehnerfarm-hn.de\/index.php?rest_route=\/wp\/v2\/users\/1"}],"replies":[{"embeddable":true,"href":"https:\/\/huehnerfarm-hn.de\/index.php?rest_route=%2Fwp%2Fv2%2Fcomments&post=14"}],"version-history":[{"count":268,"href":"https:\/\/huehnerfarm-hn.de\/index.php?rest_route=\/wp\/v2\/pages\/14\/revisions"}],"predecessor-version":[{"id":564,"href":"https:\/\/huehnerfarm-hn.de\/index.php?rest_route=\/wp\/v2\/pages\/14\/revisions\/564"}],"wp:featuredmedia":[{"embeddable":true,"href":"https:\/\/huehnerfarm-hn.de\/index.php?rest_route=\/wp\/v2\/media\/196"}],"wp:attachment":[{"href":"https:\/\/huehnerfarm-hn.de\/index.php?rest_route=%2Fwp%2Fv2%2Fmedia&parent=14"}],"curies":[{"name":"wp","href":"https:\/\/api.w.org\/{rel}","templated":true}]}}